191 a multiple of 69?
True
Is 8111936 a multiple of 2458?
False
Is 2499 a factor of 63734496?
True
Is 14271255 a multiple of 33?
False
Is 43 a factor of 105913042?
True
Is 8583264 a multiple of 144?
True
Is 2396 a factor of 282027083?
False
Does 2 divide 10961315?
False
Is 2424510 a multiple of 3?
True
Is 2223221704 a multiple of 22?
True
Is 19 a factor of 38066126?
False
Is 9805355 a multiple of 1435?
True
Does 252 divide 8165355?
False
Does 18 divide 184330528?
False
Is 3 a factor of 33911344?
False
Does 1246 divide 17751009?
False
Does 637 divide 141424192?
True
Does 782 divide 296415396?
False
Is 1155643600 a multiple of 400?
True
Is 56 a factor of 202204476?
False
Is 257396605 a multiple of 458?
False
Does 143 divide 53470032?
False
Is 7282811 a multiple of 760?
False
Is 621 a factor of 1286123382?
False
Is 59 a factor of 17302104?
True
Is 2 a factor of 241937734?
True
Is 57631914 a multiple of 558?
True
Does 76 divide 78161358?
False
Is 96 a factor of 2852164?
False
Does 32 divide 261145835?
False
Is 10 a factor of 3664649?
False
Is 38 a factor of 2067183394?
True
Does 22 divide 88244494?
False
Is 15 a factor of 265708541?
False
Is 195619567 a multiple of 633?
False
Is 2918518900 a multiple of 55?
True
Is 2497960 a multiple of 2?
True
Is 17 a factor of 4262820826?
False
Does 282 divide 19587720?
True
Does 7 divide 381398796?
False
Does 84 divide 864576048?
True
Is 6352488 a multiple of 747?
True
Is 43 a factor of 8088085?
True
Is 6506 a factor of 2766188550?
True
Is 4738008113 a multiple of 89?
False
Is 98982775 a multiple of 43?
True
Does 27 divide 55086786?
False
Does 337 divide 596819923?
True
Does 17 divide 7926869?
False
Is 63 a factor of 16384662?
True
Does 5 divide 1066787721?
False
Is 231 a factor of 2628549?
True
Does 2202 divide 2094784620?
True
Is 4 a factor of 69553326?
False
Is 1201 a factor of 139169478?
True
Is 155 a factor of 3117603?
False
Is 120077696 a multiple of 234?
False
Is 3487251042 a multiple of 54?
True
Does 561 divide 1032276691?
False
Does 25 divide 223274900?
True
Is 10 a factor of 9970595?
False
Is 22 a factor of 86963910?
True
Is 1480840764 a multiple of 26?
True
Is 933 a factor of 51135650?
False
Is 2444185600 a multiple of 16?
True
Is 1030132648 a multiple of 131?
True
Is 67700940 a multiple of 26?
False
Is 1182 a factor of 63990746?
False
Does 556 divide 27654328?
True
Is 169753780 a multiple of 518?
True
Is 35976704 a multiple of 64?
True
Does 2946 divide 497941850?
False
Does 14 divide 73728984?
True
Is 2460567584 a multiple of 8?
True
Is 6 a factor of 18191679?
False
Is 60064642 a multiple of 121?
True
Does 635 divide 493095915?
True
Is 63700046 a multiple of 758?
True
Is 38 a factor of 49226720?
True
Is 3090237178 a multiple of 151?
False
Does 887 divide 681373275?
False
Is 76242182 a multiple of 86?
True
Is 63106204 a multiple of 3161?
True
Is 5653125 a multiple of 225?
True
Does 126 divide 71086050?
True
Is 210909212 a multiple of 734?
False
Does 75 divide 522496125?
True
Does 240 divide 962851473?
False
Is 131 a factor of 970718515?
True
Does 15 divide 1057061508?
False
Does 32 divide 33885981?
False
Is 25 a factor of 203375923?
False
Is 108733655 a multiple of 5?
True
Does 1708 divide 43960504?
True
Does 105 divide 2753205?
True
Is 6353850 a multiple of 30?
True
Does 370 divide 119322040?
True
Does 15 divide 35748606?
False
Is 168313240 a multiple of 4?
True
Does 14 divide 12872076?
True
Is 14753492 a multiple of 52?
True
Is 211837171 a multiple of 200?
False
Is 5810 a factor of 1852280095?
False
Is 12337380 a multiple of 1023?
True
Does 118 divide 86832070?
True
Does 763 divide 288666172?
False
Is 2330847582 a multiple of 8267?
True
Is 158 a factor of 54691384?
True
Is 20 a factor of 15172546?
False
Is 515315233 a multiple of 5807?
False
Is 5064 a factor of 188218752?
True
Does 105 divide 413110730?
False
Is 6 a factor of 53322750?
True
Is 25 a factor of 1503653687?
False
Does 217 divide 50162386?
False
Is 112 a factor of 74947035?
False
Does 3 divide 8950479?
True
Is 2484485568 a multiple of 1728?
True
Is 29759718 a multiple of 177?
True
Is 2111682335 a multiple of 2473?
True
Does 216 divide 1066585536?
True
Does 88 divide 935895397?
False
Does 25 divide 112802200?
True
Is 56178066 a multiple of 6?
True
Is 28706595 a multiple of 5?
True
Does 24 divide 6185314?
False
Does 643 divide 97145083?
True
Is 55 a factor of 259304485?
True
Is 4283082 a multiple of 18?
True
Does 227 divide 541084237?
True
Is 130707555 a multiple of 2595?
True
Is 62332340 a multiple of 1316?
True
Is 73690114 a multiple of 937?
False
Is 71333 a multiple of 543?
False
Is 30971493 a multiple of 3308?
False
Does 79 divide 1153020366?
False
Is 18 a factor of 408534248?
False
Does 116 divide 9292760?
True
Does 5 divide 31424585?
True
Does 47 divide 48207444?
False
Is 959202192 a multiple of 156?
True
Is 2938 a factor of 148251480?
True
Does 43 divide 25437037?
True
Is 64 a factor of 84943552?
True
Is 852 a factor of 114720088?
False
Is 1073 a factor of 74916974?
False
Does 168 divide 34695696?
True
Does 5 divide 78334587?
False
Is 10 a factor of 58785110?
True
Is 33438495 a multiple of 265?
True
Does 11 divide 267246342?
True
Is 15494 a factor of 423671346?
False
Is 454473008 a multiple of 11?
True
Does 68 divide 141163988?
True
Is 172494678 a multiple of 872?
False
Is 8284720 a multiple of 8?
True
Is 6 a factor of 10365964?
False
Is 1135353582 a multiple of 947?
False
Does 1392 divide 202142064?
True
Is 23654433 a multiple of 407?
True
Is 69 a factor of 852355607?
False
Is 6 a factor of 2767770?
True
Is 3577824313 a multiple of 725?
False
Is 67 a factor of 777217514?
False
Is 373741884 a multiple of 666?
True
Is 291857130 a multiple of 4198?
False
Does 12 divide 2006310840?
True
Is 347181954 a multiple of 21?
True
Is 11 a factor of 1172754732?
False
Is 45304420 a multiple of 245?
True
Does 115 divide 613291944?
False
Does 3 divide 18724554?
True
Does 56 divide 1517228048?
True
Does 222 divide 182050434?
True
Is 1584469446 a multiple of 32?
False
Is 5 a factor of 2807121?
False
Is 28 a factor of 386149848?
True
Is 471011258 a multiple of 4327?
True
Is 258 a factor of 3555579?
False
Does 24 divide 4718397288?
True
Is 2 a factor of 248986865?
False
Is 6207 a factor of 42008976?
True
Is 28 a factor of 3289293881?
False
Does 9 divide 7115868?
True
Is 160205140 a multiple of 2602?
True
Is 25810913 a multiple of 459?
False
Is 46589026 a multiple of 7?
False
Does 174 divide 53458840?
False
Is 112 a factor of 851653040?
True
Does 2687 divide 1108290370?
False
Is 86 a factor of 115575917?
False
Is 731 a factor of 224042918?
False
Is 200009761 a multiple of 574?
False
Is 46927440 a multiple of 21?
True
Does 1051 divide 247055966?
False
Is 29662752 a multiple of 37?
True
Is 32 a factor of 143433440?
True
Does 459 divide 2016444?
False
Is 1126 a factor of 432385840?
False
Is 774889437 a multiple of 13?
False
Is 1714 a factor of 566744384?
True
Does 3594 divide 1111343868?
True
Does 48 divide 6245664?
True
Does 10291 divide 1211106626?
True
Is 4754836 a multiple of 46?
True
Is 69 a factor of 50580036?
True
Is 31 a factor of 18952656?
True
Does 105 divide 8340317?
False
Does 34 divide 3933630?
True
Is 3637 a factor of 7064310?
False
Does 942 divide 38346936?
True
Does 12657 divide 2783074501?
False
Does 7 divide 60989376?
True
Is 15 a factor of 1005320035?
False
Is 5509504 a multiple of 154?
True
Is 50 a factor of 76895780?
False
Does 2377 divide 2660637902?
True
Is 194240432 a multiple of 4549?
False
Does 4 divide 7094820?
True
Is 114 a factor of 45719404?
False
Does 194 divide 213879374?
True
Is 762777178 a multiple of 190?
False
Is 9208611 a multiple of 38?
False
Is 15 a factor of 18541035?
True
Does 774 divide 22262562?
True
Does 1331 divide 53335832?
True
Is 236 a factor of 306808367?
False
Is 12 a factor of 443855640?
True
Is 3717205800 a multiple of 50?
True
Does 111 divide 16734582?
True
Is 31 a factor of 6992472?
False
Is 55 a factor of 449544782?
False
Is 7 a factor of 51828042?
True
Does 2012 divide 80313004?
True
Is 324384886 a multiple of 1799?
True
Is 18 a factor of 341572205?
False
Is 2 a factor of 199844610?
True
Does 160 divide 56289230?
False
Is 39 a factor of 2766697693?
False
Does 8097 divide 2060087322?
True
Is 6645